e greatest common divisor of 90441252 and 1188?
1188
What is the greatest common factor of 69433198 and 9678?
3226
Calculate the highest common factor of 32 and 35787712.
32
What is the greatest common divisor of 10471 and 20054?
37
What is the greatest common divisor of 60704 and 1559362?
14
Calculate the highest common factor of 371 and 91846827.
53
What is the greatest common divisor of 111739320 and 6160?
3080
What is the greatest common factor of 7347284 and 1378?
106
Calculate the highest common divisor of 7946 and 148886.
58
Calculate the greatest common divisor of 5181 and 5075653.
1727
What is the greatest common divisor of 4916608 and 213?
71
What is the greatest common divisor of 65582317 and 717?
239
Calculate the greatest common factor of 413284 and 93996.
1492
What is the greatest common divisor of 18224 and 437104?
272
Calculate the greatest common divisor of 136175 and 18750.
25
What is the highest common factor of 1257 and 9561999?
1257
Calculate the highest common divisor of 1200 and 195312.
48
Calculate the highest common factor of 78 and 6004882.
26
What is the greatest common factor of 62029 and 268829?
11
Calculate the greatest common divisor of 2728 and 811270.
62
What is the highest common divisor of 12923265 and 1590?
15
What is the greatest common factor of 332504 and 4725106?
934
Calculate the greatest common divisor of 2376 and 52425846.
594
Calculate the highest common factor of 320306 and 2705339.
959
Calculate the highest common factor of 498576 and 15558927.
2397
Calculate the highest common divisor of 1836 and 4413132.
612
Calculate the highest common divisor of 190180 and 664372.
148
Calculate the greatest common factor of 1001098 and 188048.
322
What is the highest common factor of 324 and 1189152?
36
What is the highest common factor of 200760 and 400?
40
Calculate the greatest common factor of 127113824 and 3680.
736
Calculate the highest common factor of 922517518 and 1586.
1586
What is the highest common divisor of 17358 and 64442364?
1578
Calculate the highest common factor of 96 and 3385504.
32
What is the highest common factor of 17346090 and 30?
30
What is the highest common divisor of 5624 and 3414452?
76
Calculate the greatest common divisor of 127852918 and 422.
422
What is the highest common divisor of 24897 and 6063?
129
Calculate the greatest common factor of 1130887 and 368.
23
What is the greatest common divisor of 2156 and 73488338?
1078
Calculate the highest common divisor of 16116720 and 3680.
80
Calculate the greatest common factor of 44604 and 13356.
252
Calculate the highest common divisor of 38 and 79747598.
38
What is the greatest common factor of 40149594 and 5004?
2502
Calculate the greatest common divisor of 1360 and 40224040.
680
What is the highest common divisor of 17905072 and 272?
16
What is the highest common factor of 1585430 and 29348?
638
Calculate the greatest common factor of 4150709637 and 1933.
1933
What is the greatest common divisor of 54089204 and 442?
26
Calculate the highest common factor of 613242 and 872606.
2198
Calculate the highest common factor of 14457 and 1320.
3
Calculate the highest common divisor of 2401 and 5892509.
7
What is the greatest common factor of 9765 and 54042975?
315
Calculate the highest common divisor of 142631 and 1145047.
1333
Calculate the highest common factor of 1180 and 29430860.
20
What is the greatest common divisor of 22 and 6776634502?
22
Calculate the greatest common factor of 75656862 and 216.
54
Calculate the greatest common divisor of 2747016 and 4122.
18
What is the highest common factor of 488 and 10355848?
488
Calculate the greatest common divisor of 215 and 14288025.
5
What is the highest common factor of 80199 and 532449?
603
Calculate the greatest common factor of 555 and 3824727.
111
What is the highest common divisor of 424 and 1313393?
53
What is the highest common factor of 1272 and 18232?
424
Calculate the highest common divisor of 2135 and 513317.
7
Calculate the highest common factor of 2094 and 44334866.
698
What is the greatest common divisor of 24255 and 468468?
693
What is the greatest common factor of 7727 and 175?
1
What is the highest common divisor of 119 and 4327379?
7
Calculate the highest common factor of 312978 and 792.
6
Calculate the highest common divisor of 8437 and 275471.
59
Calculate the greatest common factor of 2767671 and 2715.
543
What is the greatest common factor of 70664 and 39905888?
6424
Calculate the highest common divisor of 539701 and 94.
47
Calculate the highest common factor of 53318 and 12826.
106
Calculate the greatest common divisor of 5545 and 472552663.
1109
What is the greatest common divisor of 485 and 559558565?
485
Calculate the highest common divisor of 1233766 and 21160.
46
Calculate the highest common factor of 78 and 7394361.
39
What is the highest common divisor of 24 and 654522352?
8
Calculate the greatest common factor of 24414740 and 280.
140
Calculate the highest common factor of 1377 and 22902111.
153
What is the highest common divisor of 10581160 and 8?
8
Calculate the greatest common divisor of 333697 and 1031199.
2509
What is the greatest common factor of 888547695 and 205?
205
What is the greatest common factor of 228 and 1392438332?
76
Calculate the highest common divisor of 5892 and 118557351.
1473
What is the greatest common factor of 85748 and 486746?
2522
Calculate the highest common factor of 63017332 and 1932.
644
Calculate the greatest common divisor of 317676303 and 903.
903
What is the highest common divisor of 376984742 and 509?
509
Calculate the highest common factor of 6510 and 15777426.
42
What is the greatest common factor of 325245 and 735?
15
Calculate the greatest common factor of 4347 and 53088.
21
Calculate the highest common factor of 20 and 23329060.
20
Calculate the greatest common divisor of 2967578 and 6194.
326
What is the greatest common factor of 6467577 and 1604181?
4623
Calculate the greatest common factor of 16419036 and 8.
4
What is the greatest common factor of 6 and 5649350?
2
Calculate the greatest common factor of 2860 and 1477060.
260
What is the highest common divisor of 51 and 1499142042?
51
Calculate the highest common factor of 590072 and 319144.
2296
What is the greatest common divisor of 16500 and 34166?
22
What is the highest common divisor of 25662987 and 9?
9
What is the greatest common divisor of 6059 and 10185836?
73
What is the highest common divisor of 465744 and 13206?
186
Calculate the highest common factor of 100980 and 481030.
110
Calculate the greatest common factor of 44241695 and 17260.
4315
Calculate the greatest common factor of 131053725 and 2475.
2475
Calculate the greatest common factor of 90 and 1178865.
45
What is the highest common factor of 31 and 4851097?
31
What is the highest common divisor of 55593 and 2355993?
1917
What is the highest common factor of 14187227 and 1724?
431
Calculate the highest common divisor of 975 and 5120505.
195
Calculate the greatest common divisor of 6255 and 155835.
45
What is the greatest common divisor of 14824 and 5450?
218
Calculate the greatest common factor of 9681912 and 964.
4
What is the highest common divisor of 2561 and 208013?
13
What is the greatest common factor of 7 and 19002102?
7
Calculate the greatest common factor of 34177 and 23176868.
143
Calculate the highest common divisor of 586101 and 6399.
237
Calculate the greatest common factor of 31 and 491562319.
31
Calculate the highest common factor of 174 and 333492.
6
Calculate the highest common factor of 2 and 3314803.
1
Calculate the highest common divisor of 47184 and 6096.
48
Calculate the highest common divisor of 93 and 810192.
3
What is the greatest common divisor of 400673 and 83789719?
8177
What is the highest common divisor of 390 and 15071250?
30
What is the greatest common divisor of 720 and 5334165?
45
Calculate the highest common divisor of 3 and 54257097.
3
What is the greatest common divisor of 12376 and 30697784?
1768
Calculate the greatest common factor of 24039600 and 75.
75
What is the greatest common divisor of 57 and 55486023?
57
What is the greatest common divisor of 2514 and 88691406?
2514
Calculate the greatest common factor of 122396 and 19980.
148
What is the greate